 2*q, -2*y = 3*y - q - 32. Let s be 4/(((-15)/y)/5). Let a(j) = 4*j**2 + 13*j + 11. Is a(s) a composite number?
False
Suppose -56 = 7*b - 9*b. Let s = 29 - b. Is 83*(-1 - (-9 + s)) prime?
False
Let a = 2878 - -4735. Is a a prime number?
False
Suppose 5*r + o - 2849 = -0*o, 2*o - 2848 = -5*r. Let u = 1738 + -1014. Suppose -2*p = -u - r. Is p composite?
False
Suppose 49008 = 4*j + m, -5*j + 3*m + 3791 = -57452. Is j a composite number?
False
Suppose -3*v + 6*s = 8*s - 6377, 3*s = 3*v - 6402. Is v a prime number?
True
Let m = 77 + -72. Let p(c) = 367*c - 12. Is p(m) prime?
True
Let l = 112 + 149. Let f = 484 - l. Is f composite?
False
Let j(h) = 220*h - 249. Is j(11) composite?
True
Suppose -3*p - 5*v = -4908, 3*v = 2*p - 0*v - 3253. Is p prime?
False
Let i be (0 + 3)/(27/18). Let n(m) = m**3 - m**2 - m + 1. Let h be n(i). Suppose -4111 = -h*a - 2*v, -v = 2*a - 1508 - 1233. Is a composite?
True
Let c = 411 - 64. Let v = c + -216. Is v a prime number?
True
Let x(d) = 60*d**3 + 3*d**2 - 2*d + 7. Let y be x(5). Is (-4 - (-15)/4)/((-3)/y) a prime number?
True
Let p(i) = -1364*i**3 - 3*i**2 - 54*i - 105. Is p(-2) prime?
True
Suppose 4*p - 16118 = 2*p - 4*c, -2*p + 16118 = -4*c. Is p a composite number?
False
Let o = 84 - 40. Let x = 552 + o. Suppose b = 5*b - x. Is b a composite number?
False
Let r = -1272 - -2223. Let x = -260 + r. Is x a composite number?
False
Suppose -46*q + 39*q + 83041 = 0. Is q a prime number?
True
Let k(a) = -87*a + 16. Let o(x) = x**3 + 16*x**2 + x + 11. Let h be o(-16). Is k(h) prime?
False
Let g(a) = 7*a - 3 - a + 5*a. Let b be g(2). Is (b + 0)/(0 + 1) a composite number?
False
Let q(g) = 60*g**2 + 14*g - 27. Is q(16) prime?
False
Let b = 83640 + -34537. Is b composite?
False
Let c(g) = 298*g - 1035. Is c(32) a composite number?
False
Let n = 20 + 2. Let r = -23 + n. Is r + 7/(7/320) a composite number?
True
Let b be -790*2 + 0 + -1 - 4. Let c = b + 3270. Is c prime?
False
Suppose 0 = -4*x + 16, -16*x = -5*g - 14*x + 111477. Is g prime?
False
Let d be -3 + 9 + 1 + -4. Let i be (-1)/(-3) - (-266)/d. Suppose -4*b - i = -3*z, -1 = -b + 3. Is z prime?
False
Is (0/(-1) + -1)/(54/(-406566)) a composite number?
False
Suppose -5*r - 5*j = -57170, 0 = r - 5*r - j + 45745. Is r a prime number?
True
Let u(z) = 191*z + 4 + 0 - 4*z. Is u(3) composite?
True
Let c(r) = r**2 + 11*r - 8. Let j be c(-12). Suppose -2*v = 3*v + j*x - 1051, -3*v - 5*x = -628. Is v prime?
True
Let r be -1 + 1 - (-6)/2. Suppose 19 = -r*l + 5*y, 3*l - y = -0*y - 11. Is 1*(1 - (-313 + l)) a composite number?
False
Is -12286*3/(4/30*-9) composite?
True
Suppose -3*g - 745 = 3*n + 140, -2*g - 4*n = 584. Let u = g - -1579. Suppose 3*c + 2*c - 4*w = u, 2*w = -4*c + 1004. Is c prime?
False
Suppose 0 = 35*o - 356226 + 56171. Is o a prime number?
True
Let f(c) = -1396*c - 33. Is f(-5) a prime number?
True
Suppose -11*a = l - 15*a - 12769, 0 = 5*l + a - 63887. Is l a composite number?
True
Suppose 3*k - 1451 = -4*g, 0 = -k + 18*g - 15*g + 475. Is k a prime number?
False
Let d(v) be the first derivative of 2*v**3 + 2*v**2 + 7*v + 3. Let k be d(4). Suppose -k = -5*y + 136. Is y prime?
False
Suppose 783 = d - 32. Is d prime?
False
Let x be 2/(-7) + 0 + (-47156)/(-14). Let a = x + -2341. Is a a prime number?
False
Suppose 3*y - p + 281 = 0, 5*y = -p - 239 - 216. Let t = 129 + y. Is t a prime number?
True
Suppose 4*r = 20097 + 32395. Is r prime?
False
Let o(f) = 3119*f**2 + 43*f - 291. Is o(8) a prime number?
True
Let z be 6/4*(-2)/3. Is (-1 - 0)/(z/131) prime?
True
Is (-36116)/(-10)*165/66 composite?
False
Let u = 48 + 1001. Is u a prime number?
True
Suppose 62493 = -646*n + 649*n. Is n prime?
False
Suppose 16 = -4*v + 4. Let f(l) = 13*l**2 - 2*l - 19. Let g(h) = 7*h**2 - h - 9. Let p(z) = -2*f(z) + 5*g(z). Is p(v) a composite number?
True
Suppose -3 = -3*y + 3. Suppose y*u + 1 + 9 = 0. Is (-1)/5 + (-286)/u a prime number?
False
Let g be (-18)/12 + (1 - 729/(-6)). Let i = -8 + g. Is i composite?
False
Is ((-26)/(-4))/((-30)/(-49260)) composite?
True
Let y = 9 - 7. Let l(d) = -9*d + d**3 + 8 - 6*d**2 + 2*d**y + d**2. Is l(6) composite?
True
Let c = -31 + 35. Suppose c*d - 1043 - 213 = 0. Is d a composite number?
True
Let c(h) = 5*h + 191. Let j = -52 - -52. Is c(j) a composite number?
False
Let a(j) = j**2 - 1. Let s(d) = -4*d**2 - 8*d - 4. Let b(n) = -3*a(n) - s(n). Let x be b(-7). Suppose 5*t - 5*r - 940 = 0, 2*r - 388 = -x*t - 2*t. Is t prime?
True
Suppose 5994 = 3*o - 0*o. Let b = o + -1415. Is b a prime number?
False
Let x(z) = 6*z**2 + 90*z - 10. Is x(-22) a prime number?
False
Let s(t) = -18*t**3 - 14*t**2 + 8*t + 1. Is s(-7) composite?
True
Is 48/(-576) + (-81877)/(-12) a prime number?
True
Suppose 3*m - 9 + 0 = 0. Suppose -m*x + 8 = -s, 3*x - 4*s - 16 + 2 = 0. Let p(t) = 16*t**3 - 2*t**2 - 1. Is p(x) a composite number?
True
Let h be (1 - 8)*11/1. Let u = 308 + h. Suppose -2*d + 2*n = 5*n - 105, -u = -4*d + n. Is d a composite number?
True
Suppose 4*p + 66151 = 5*p + x, 2*p = -3*x + 132302. Is p composite?
True
Let f = -1243 + 2729. Let i = -647 + f. Is i composite?
False
Let z(i) = 2*i + 14. Let d be z(-5). Let h = -380 + 631. Suppose 0 = d*t + h - 1887. Is t composite?
False
Suppose 6*l = -36*l + 303870. Is l prime?
False
Let z be (655/(-15))/((-2)/24). Let l = z + -176. Suppose -3*s + l + 130 = h, 4*s = -2*h + 638. Is s composite?
True
Suppose 0 = -u + 4*u + 417. Let s = 302 + u. Is s a prime number?
True
Suppose 45*l = 41*l + 61580. Is l a composite number?
True
Let r(o) = -o**2 - 7*o + 11. Let p be r(-8). Let k be p/(-9) - (-5385)/9. Suppose 2*a - 5*i + 2*i = k, 3*i + 1513 = 5*a. Is a a composite number?
True
Suppose v + 3 = 5. Suppose 3*d = 4*c, v*c - 3*d = -0*c. Suppose -8 = -5*s - w - 3, -5*s + w + 15 = c. Is s a prime number?
True
Is (66/(-8))/((-168)/23968) prime?
False
Let k(j) = -j**2 - 6*j + 5. Let s be k(-5). Let b = 11 - s. Is (b + 1)*1016/16 prime?
True
Let w = 7820 + -4207. Is w a prime number?
True
Let v = 1825 - -1686. Is v a composite number?
False
Let o = 12 - 14. Let k be (-111)/((o + 3)*-1). Suppose 68 = b - 5*a, 3*b + 5*a = 5*b - k. Is b a composite number?
False
Suppose -v + j + 8189 = -12520, 0 = 4*j - 8. Is v a prime number?
False
Let s(u) = 127*u - 1. Let p be s(2). Suppose -x + 4*t = -1524, 2*x - 2795 = -3*t + p. Is (x/24)/((-2)/(-4)) a composite number?
False
Is (-13116)/(-13) - 7/(-91) composite?
False
Suppose 2*x - 10591 = -5*r + 13706, -5*r + 24289 = 4*x. Is r composite?
False
Let b(o) = o**3 + 17*o**2 + 4*o + 1. Let q be b(-9). Suppose -3*x - q = -4*l - 2*x, 3*l = -2*x + 457. Suppose -3*k + 246 + 229 = 2*d, -k = 2*d - l. Is k prime?
False
Suppose -9*t + 11082 = -2985. Suppose 0*x + t = 4*x + 5*u, u = 3*x - 1196. Is x a composite number?
False
Suppose -4*t + s + 0*s = -3835, 2*t = -4*s + 1922. Is t a prime number?
False
Let t = 17931 + -8692. Is t prime?
True
Let t = 15 + -10. Let o be 0 + (-2 - 0) + t. Suppose -374 = -c - a, 3*c + o*a - 1876 = -2*c. Is c prime?
False
Suppose b = 4*b - 12. Let p(u) = -u**2 + 6*u + 27. Let m be p(9). Suppose m = b*z - 6*z + 1358. Is z composite?
True
Let g be -1 - (18 + -2)/2. Let d be -6*(30/g - -4). Is 620/(1 - d) - -3 a prime number?
True
Let a(u) = 4*u**3 - 30*u**2 + 42*u + 39. Let f(m) = 3*m**3 - 20*m**2 + 28*m + 26. Let q(k) = -5*a(k) + 7*f(k). Is q(-10) a composite number?
False
Suppose 2*a - 22794 = -3*f + 9341, 2*a = f - 10701. Is f a composite number?
False
Let x = -81 + 72. Is (-4)/(32/(-2198)) - x/(-12) a prime number?
False
Suppose 0 = -0*p - 2*p. Suppose -4*n + 2 - 38 = p. Is (-11)/(-1)*(-2 - n) composite?
True
Let j(k) = k**3 + 4*k**2 + 9*k - 6. Let x be j(6). Let i = x + -269. Is i composite?
False
Let f(g) = 171*g - 21. Let u be f(10). Let w = -1036 + u. Is w a composite number?
False
Suppose 0 = 39*c - 27067 - 25856. Is c a prime number?
False
Let b(d) = 1095*d**2 + 5*d - 12. Let s be b(4). Is (-2)/(-7) - s/(-49) a composite number?
True
Let r(l) be the first derivative of 14*l + 4*l**2 - 4 + 1/3*l**3. Is r(-10) prime?
False
Let j be (-138)/8 + 12/(-16). Let d = j + 12. Is ((-5)/4)/(d/1608) a composite number?
True
Suppose d + 57*h - 62*h - 8206 = 0, -40967 = -5*d + 4*h. Is d a prime number?
True
Let s = 5 + -3. Let w be (-6)/10*(280/(-21))/4. Suppose 2*o - 2*q = 6*o - 210, s*o - 10